5?
False
Does 49 divide 931?
True
Is 2 a factor of 724?
True
Is 5148 a multiple of 7?
False
Is 9 a factor of 729?
True
Is 855 a multiple of 19?
True
Is 24 a factor of 1056?
True
Is 436 a multiple of 4?
True
Is 9 a factor of 459?
True
Is 4059 a multiple of 9?
True
Is 141 a factor of 10353?
False
Is 7696 a multiple of 30?
False
Does 45 divide 1395?
True
Is 23 a factor of 14743?
True
Is 82 a multiple of 6?
False
Is 11151 a multiple of 9?
True
Does 32 divide 1216?
True
Is 850 a multiple of 50?
True
Does 41 divide 6735?
False
Is 44 a factor of 132?
True
Does 2 divide 470?
True
Does 13 divide 87061?
True
Does 6 divide 10144?
False
Is 20 a factor of 2198?
False
Does 27 divide 3428?
False
Does 11 divide 3564?
True
Does 136 divide 31280?
True
Does 105 divide 2520?
True
Is 260 a multiple of 52?
True
Does 10 divide 32220?
True
Does 8 divide 858?
False
Is 106518 a multiple of 246?
True
Is 17 a factor of 35360?
True
Is 2302 a multiple of 9?
False
Is 3 a factor of 115?
False
Is 2396 a multiple of 45?
False
Is 16440 a multiple of 24?
True
Does 9 divide 449?
False
Is 67 a factor of 5963?
True
Is 56109 a multiple of 177?
True
Does 25 divide 187?
False
Is 50170 a multiple of 145?
True
Is 1464 a multiple of 22?
False
Is 6188 a multiple of 14?
True
Is 4 a factor of 511?
False
Is 43 a factor of 3870?
True
Is 1360 a multiple of 20?
True
Does 11 divide 785?
False
Is 35 a factor of 1097?
False
Does 15 divide 560?
False
Is 49 a factor of 5684?
True
Is 238 a factor of 11424?
True
Is 1050 a multiple of 15?
True
Is 2379 a multiple of 49?
False
Is 44 a factor of 10912?
True
Does 37 divide 593?
False
Is 576 a multiple of 24?
True
Is 37 a factor of 629?
True
Does 3 divide 11760?
True
Is 1036 a multiple of 7?
True
Is 14329 a multiple of 23?
True
Is 552 a multiple of 24?
True
Is 64129 a multiple of 146?
False
Is 1120 a multiple of 37?
False
Does 17 divide 42?
False
Does 46 divide 184?
True
Is 2067 a multiple of 39?
True
Does 40 divide 8526?
False
Does 103 divide 1648?
True
Is 28000 a multiple of 350?
True
Is 46 a factor of 195?
False
Is 11655 a multiple of 15?
True
Is 19085 a multiple of 11?
True
Is 68 a factor of 952?
True
Is 7 a factor of 34045?
False
Is 25 a factor of 540?
False
Is 22406 a multiple of 95?
False
Does 17 divide 2533?
True
Is 6 a factor of 486?
True
Is 4 a factor of 127?
False
Is 20165 a multiple of 52?
False
Does 7 divide 22365?
True
Is 32 a multiple of 3?
False
Is 17005 a multiple of 179?
True
Does 6 divide 8886?
True
Is 31098 a multiple of 73?
True
Does 28 divide 10052?
True
Is 31 a factor of 50?
False
Is 22 a factor of 770?
True
Does 5 divide 125?
True
Is 30 a factor of 887?
False
Is 5740 a multiple of 28?
True
Is 10 a factor of 7140?
True
Is 51 a factor of 285?
False
Is 103 a factor of 10456?
False
Does 29 divide 8120?
True
Is 979 a multiple of 11?
True
Is 20526 a multiple of 22?
True
Is 2 a factor of 12772?
True
Is 924 a multiple of 3?
True
Is 1433 a multiple of 13?
False
Is 300 a multiple of 4?
True
Does 3 divide 1147?
False
Does 360 divide 9778?
False
Is 13 a factor of 23092?
False
Does 8 divide 20298?
False
Is 1361 a multiple of 34?
False
Does 2 divide 77?
False
Does 7 divide 4501?
True
Does 24 divide 1104?
True
Does 56 divide 1120?
True
Is 420 a multiple of 3?
True
Is 2640 a multiple of 8?
True
Does 27 divide 432?
True
Is 34 a factor of 971?
False
Is 56 a factor of 2856?
True
Does 54 divide 3186?
True
Is 1625 a multiple of 25?
True
Is 76 a multiple of 5?
False
Is 1767 a multiple of 16?
False
Is 10 a factor of 348?
False
Does 24 divide 3176?
False
Is 980 a multiple of 35?
True
Does 111 divide 30075?
False
Does 26 divide 4810?
True
Is 136 a multiple of 2?
True
Is 3912 a multiple of 13?
False
Does 21 divide 85092?
True
Is 366 a multiple of 3?
True
Does 7 divide 1834?
True
Is 85170 a multiple of 19?
False
Does 125 divide 789?
False
Is 21 a factor of 1176?
True
Does 30 divide 22080?
True
Is 6402 a multiple of 33?
True
Is 1755 a multiple of 13?
True
Is 3080 a multiple of 77?
True
Is 1968 a multiple of 48?
True
Does 21 divide 490?
False
Is 16 a factor of 320?
True
Is 777 a multiple of 5?
False
Is 4941 a multiple of 28?
False
Is 75 a multiple of 2?
False
Is 24 a factor of 8580?
False
Is 15 a factor of 930?
True
Is 275 a multiple of 25?
True
Does 12 divide 275?
False
Does 83 divide 908?
False
Does 149 divide 120094?
True
Is 4520 a multiple of 24?
False
Does 17 divide 671?
False
Is 288 a multiple of 7?
False
Does 3 divide 301?
False
Is 65 a factor of 4936?
False
Does 70 divide 630?
True
Is 2907 a multiple of 18?
False
Does 75 divide 1093?
False
Does 31 divide 75144?
True
Does 66 divide 2244?
True
Is 65670 a multiple of 15?
True
Is 24 a factor of 504?
True
Is 4 a factor of 196?
True
Is 5 a factor of 5110?
True
Does 14 divide 2016?
True
Is 326 a multiple of 37?
False
Does 10 divide 539?
False
Is 82812 a multiple of 12?
True
Is 24 a factor of 35712?
True
Is 21 a factor of 951?
False
Is 237 a multiple of 79?
True
Does 22 divide 26052?
False
Is 81080 a multiple of 20?
True
Does 16 divide 10977?
False
Does 97 divide 10670?
True
Does 78 divide 2184?
True
Is 24 a factor of 12131?
False
Is 31 a factor of 1172?
False
Does 11 divide 11?
True
Is 2713 a multiple of 17?
False
Is 2 a factor of 4509?
False
Does 7 divide 196?
True
Is 9448 a multiple of 155?
False
Is 51 a factor of 2805?
True
Is 29 a factor of 2367?
False
Is 270 a multiple of 9?
True
Does 20 divide 4547?
False
Is 16572 a multiple of 9?
False
Does 93 divide 1488?
True
Does 241 divide 35909?
True
Is 58 a factor of 2726?
True
Is 4 a factor of 164?
True
Is 14 a factor of 1302?
True
Is 4 a factor of 7893?
False
Is 74 a factor of 3752?
False
Is 399 a multiple of 5?
False
Is 169 a factor of 30141?
False
Is 25707 a multiple of 99?
False
Is 12 a factor of 59?
False
Is 8904 a multiple of 168?
True
Is 28 a factor of 17195?
False
Is 106 a factor of 11448?
True
Is 5 a factor of 4550?
True
Is 3 a factor of 3786?
True
Is 16 a factor of 24807?
False
Is 29 a factor of 899?
True
Is 6 a factor of 467?
False
Is 13 a factor of 2275?
True
Is 756 a multiple of 21?
True
Is 2619 a multiple of 31?
False
Does 95 divide 5478?
False
Is 22 a factor of 727?
False
Is 16836 a multiple of 150?
False
Is 31 a factor of 4154?
True
Is 449 a multiple of 41?
False
Is 1767 a multiple of 31?
True
Does 14 divide 427?
False
Does 31 divide 16162?
False
Is 5050 a multiple of 50?
True
Is 28 a factor of 1568?
True
Is 17319 a multiple of 23?
True
Does 102 divide 2013?
False
Is 2715 a multiple of 15?
True
Is 24 a factor of 24?
True
Does 18 divide 207?
False
Is 15 a factor of 2835?
True
Does 4 divide 936?
True
Does 9 divide 20272?
False
Does 6 divide 4567?
False
Is 656 a multiple of 44?
False
Is 3128 a multiple of 46?
True
Is 4 a factor of 1149?
False
Is 41742 a multiple of 36?
False
Is 3744 a multiple of 12?
True
Is 15 a factor of 435?
True
Does 5 divide 490?
True
Does 13 divide 992?
False
Does 6 divide 1542?
True
Is 3 a factor of 5124?
True
Does 185 divide 5550?
True
Does 55 divide 2469?
False
Does 16 divide 492?
False
Does 25 divide 1138?
False
Does 54 divide 1531?
False
Is 598 a multiple of 26?
True
Is 11 a factor of 789?
False
Does 11 divide 814?
True
Is 49 a factor of 2499?
True
Does 18 divide 432?
True
Does 22 divide 1650?
True
Does 8 divide 927?
False
Is 26 a factor of 78?
True
Does 9 divide 410?
False
Does 33 divide 1551?
True
Is 67 a factor of 678?
False
Is 18 a factor of 144?
True
Is 17610 a multiple of 55?
False
Does 46 divide 2300?
True
Is 2535 a multiple of 169?
True
Is 14 a factor of 1134?
True
Does 17 divide 745?
False
Is 25 a factor of 449?
False
Is 155 a multiple of 4?
False
Is 5372 a multiple of 52?
False
Is 9030 a multiple of 301?
True
Is 12 a factor of 1068?
True
Is 1170 a multiple of 90?
True
Does 4 divide 12?
True
Does 29 divide 58834?
False
Is 704 a multiple of 21?
False
Is 10073 a multiple of 14?
False
Is 15844 a multiple of 46?
False
Is 49 a factor of 3564?
False
Is 42591 a multiple of 16?
False
Is 4 a factor of 704?
True
Does 14 divide 3613?
False
Is 196 a multiple of 28?
True
Is 32879 a multiple of 177?
False
Does 20 divide 124620?
True
Does 8 divide 1492?
False
Is 85 a factor of 31951?
False
Is 5187 a multiple of 19?
True
Is 20 a factor of 1740?
True
Is 188 a factor of 27056?
False
Does 26 divide 1196?
True
Does 22 divide 8492